2))/(8 - (-17)/(-2)). Let w(c) = -2627*c + 1. Let k(j) = 1. Let y(r) = 5*k(r) - w(r). Is y(t) a composite number?
True
Is -490 + 500 - 7*(-18642)/2 prime?
True
Let z(o) = 4*o**2 - 16*o. Let f be z(4). Suppose f = -4*y + 6*y - 1298. Suppose s - y = -0*s. Is s a prime number?
False
Let v(x) = 12*x**3 + 8*x**2 - 27*x + 9. Suppose 0 = 3*a - 16*a + 65. Is v(a) a prime number?
False
Let x(s) = -15*s**3 - 7*s**2 + 62*s - 73. Let c(f) = -7*f**3 - 3*f**2 + 30*f - 37. Let w(u) = -13*c(u) + 6*x(u). Is w(9) composite?
False
Let n = 271387 - 157766. Is n a composite number?
False
Let u = -3469 - -12125. Is (6/(-30) - 24/(-20)) + u composite?
True
Suppose 3*h - h - 5*w - 49 = 0, 0 = -3*h - w + 31. Let g(d) = -10*d**2 + 18*d - 31. Let n(x) = -12*x**2 + 18*x - 37. Let l(p) = -5*g(p) + 4*n(p). Is l(h) prime?
True
Suppose 2*s = 5 + 11. Let k = 2 - s. Is -2 - (-2442 - 3/k*6) a composite number?
False
Let a(r) = 29 + 28 - 4 + 9 + 33 - 6837*r. Is a(-6) composite?
False
Suppose 8*a - 1323588 - 1297124 = 0. Is a prime?
False
Suppose -u - 3*d + 931279 = 0, -6*u = -u + 5*d - 4656475. Is u a composite number?
False
Let y(c) = 0*c + 2 - 6*c + 10*c. Let d be y(0). Let g(k) = 153*k + 5. Is g(d) a composite number?
False
Suppose 3*t = -3*t - 2868. Let y = 951 + t. Let v = y - -294. Is v a prime number?
False
Suppose -13*f + 396045 = -746408. Is f composite?
False
Let d be 2497 + 7/(-14)*(-2 - -2). Suppose -g = 2*a - d, -11*g = -6*g + a - 12476. Is g composite?
True
Suppose -7010869 - 7085821 = -86*n. Is n a prime number?
False
Suppose 288*a = -4241738 + 79727402. Is a composite?
False
Let m(o) = o**3 - 11*o**2 + 28*o + 1. Let c be (-111)/(-15) - ((-7)/(-5) - 2). Let t = 20 - c. Is m(t) a composite number?
True
Let o = -269 - -268. Is (-1)/(5/(-54020)) - (-3)/o a prime number?
False
Suppose -10*o = 68782 - 191852. Is o a composite number?
True
Let d be 32/112*1*42/3. Is ((-50)/d + -2)*(-51 + -95) prime?
False
Suppose -48 = -m - 45. Suppose 2*c + m*c + 13785 = 0. Let n = 3908 + c. Is n composite?
False
Suppose 0 = -z + 5*u + 738603, 2691*u = 3*z + 2692*u - 2215937. Is z prime?
True
Is (2 - 0)/(6/(-5700216)*-8) prime?
True
Suppose -3*x = -x - 4*b - 24, -b - 9 = -2*x. Let p be 4 - (4/x + -4). Let v(r) = 84*r - 11. Is v(p) prime?
False
Let c(h) = 962*h + 433. Is c(11) a composite number?
True
Let z(t) = -t**2 + 4*t - 6. Let w be z(3). Let m(j) = -125*j + 4. Is m(w) a composite number?
False
Suppose 0*z - 2*z - 18 = -2*u, 2*z = -3*u + 7. Suppose -2*o - u*d + 8023 = 0, 0 = 4*o - 0*d + d - 16091. Let v = 5865 - o. Is v a prime number?
False
Let s(u) = -u**2 - 14*u - 6. Let f be s(-13). Suppose f = -12*x + 13*x. Suppose 1603 = x*n + 266. Is n composite?
False
Suppose -34278 = -4*g + 13046. Suppose 13*b - 23646 = g. Is b prime?
True
Suppose -8*n = -3*n + 5*m + 10, 2 = -3*n - 2*m. Suppose -49 = n*c - 45. Is 12/(-24)*(c - 10088) composite?
True
Is -9 - (71090160/(-132) + (-4)/22) prime?
True
Suppose -10*f + 3254880 + 2434711 = -172439. Is f composite?
True
Let s(o) = -o + 2. Let g be s(-4). Suppose -4*p - g - 18 = 4*u, 5*u + 6 = 3*p. Is 117/9*(-2 - u) a prime number?
True
Suppose 0 = -3*k - 3*n + 189, -4*k = 7*n - 2*n - 256. Let f = 88 - k. Let v = f - -65. Is v a composite number?
True
Let m(k) be the third derivative of 13*k**5/12 - k**4/4 - 15*k**3/2 - 7*k**2. Let s be m(-9). Suppose 15*y - s - 19041 = 0. Is y composite?
False
Suppose 2*n - 25902 - 200716 - 102900 = 0. Is n a prime number?
False
Let s = 676 - 6305. Is -7 - (6 + -7 + s) composite?
False
Let v = 1086143 + 658974. Is v composite?
True
Let t(j) = -14*j. Let u be t(4). Let c = u + 59. Is (12/c)/(-12)*-2109 a composite number?
True
Let n = 430393 - 240382. Is n prime?
False
Let m(w) = -5*w + 3. Let p be m(0). Suppose -g + 3*j - 41 = 0, 4*j - p*j + 151 = -4*g. Is (625 + g)*(-2)/(-2) composite?
False
Suppose 5*a - 2*b + b - 18 = 0, -4*b - 27 = -5*a. Suppose 3*j = 4*y + 21, a*y + 3 = -j - j. Is (-452)/((-4)/(-2))*y/6 a composite number?
False
Let f(h) = 77*h - 83. Let c be f(10). Is -4 + 1 + c + -5 a prime number?
False
Let c(j) = -j**3 + j**2 - 2*j + 886. Let b(k) = -3*k**2 - 2*k + 8. Let h be b(4). Let x = 48 + h. Is c(x) a composite number?
True
Suppose -23*r + 18*r - 338 = -h, -5*r - 974 = -3*h. Suppose -2*n - h = n. Let f = n - -305. Is f a composite number?
False
Is 279418/(20/44 - -4*(-21)/(-154)) a prime number?
False
Let g be (-1 - (-11377)/5)/((-20)/100). Let m = -5023 - g. Is m a composite number?
True
Let r be (-3)/((-2)/(6/(-3))). Let c be (r/1)/(-15) - 18/(-10). Suppose -6*m = -c*m - 5*y - 1593, 798 = 2*m - 4*y. Is m a composite number?
False
Let c be -16*6/12 - -7. Is c/56*-8 + 8602/7 a prime number?
True
Suppose h - 47 = 5*h + 3*a, 3*h - 2*a = -14. Let u(c) = c**3 + 11*c**2 + 16*c + 2. Let s be u(h). Suppose 2513 = -s*v + 67*v. Is v a composite number?
True
Suppose 37*k - 39*k = -40. Suppose k*c - 19*c - 6 = 0. Let h(r) = 12*r**2 - 6*r + 13. Is h(c) a composite number?
False
Suppose 7*i = 5*i. Suppose i = 7*p + 6*p - 123565. Suppose -4*u = u - p. Is u a composite number?
False
Let a(k) = 705*k**2 + k - 4. Let t be a(2). Suppose -1376 = -y + t. Suppose -y - 867 = -3*m. Is m a composite number?
True
Let p(f) be the second derivative of f**4/12 - 31*f**3/6 + 61*f**2/2 + 96*f. Is p(-24) a prime number?
True
Suppose 4*d - 3235036 = -4*s, 3*d + 529 - 547 = 0. Is s a prime number?
False
Suppose 642*h - 1311*h + 649*h = -217940. Is h a prime number?
False
Let h = -57 + 230. Suppose -4*l + 4*k = -644, -9*k = -l - 5*k + h. Is l prime?
True
Let z(i) = 29*i**3 + 7*i**2 + 9*i - 6. Let t(a) = -2*a**3 + a**2 + 1. Let b(u) = t(u) - z(u). Is b(-4) prime?
True
Let z(n) = -10*n - 128. Let x be z(-14). Suppose x*q - 23*q + 143 = 0. Is q prime?
True
Suppose -2*s - r + 103495 = 0, 33*s - 4*r + 103486 = 35*s. Is s a composite number?
False
Let v(m) = m**3 - 28*m**2 - 60*m - 1. Let n be v(30). Is n*(1 - 6/1) - -488 composite?
True
Let n = -133057 + 192108. Is n prime?
True
Suppose 4*w = 7*s - 2*s + 22, -2*s + 5 = 3*w. Suppose w*d - q + 6*q = 74138, -2*q = 10. Is d composite?
True
Suppose -4*n + 90 = 14*n. Let u(z) = z**3 - 6*z**2 + 7*z - 8. Let o be u(n). Suppose -323 = -0*p - 2*p + c, 341 = o*p + 5*c. Is p a composite number?
False
Let f be -25 + 19 - 2466/(-1). Suppose 0 = 2*r - 4*q - 4858, 0 = -3*r + 3*q + 4827 + f. Is r prime?
False
Let s = 578 - 1003. Let r = s - -1584. Is r a composite number?
True
Suppose -n - f + 7 = 0, -7*f = -3*n - 4*f - 9. Is (8/(-12))/(n - 48464/24228) prime?
False
Let w(q) be the first derivative of -q**4/4 + 5*q**3/3 - 2*q**2 + 2*q + 19. Let r be w(4). Suppose -7*k + 2635 = -r*k. Is k a prime number?
False
Let p(g) = 1. Let j = 32 - 33. Let z(y) = 264*y + 5. Let a(x) = j*z(x) + 4*p(x). Is a(-3) composite?
True
Let o be 276*3/((-27)/6). Let z = 313 + o. Is (2 - z)/(1/((-4)/4)) a prime number?
True
Let a(h) be the second derivative of 0 + 18*h - 1/6*h**3 + 1/12*h**4 + 9/2*h**2. Is a(-10) a composite number?
True
Let y(m) = -m**2 - 5*m - 2. Let n be y(-4). Suppose 4*t - 19*t + 12375 = 0. Suppose n*d = t + 397. Is d a prime number?
False
Suppose -3*b - b = 3*o - 61, -3*o + b = -56. Suppose -m - 17 = -o. Let y(f) = 104*f**3 - 2*f**2 - 3. Is y(m) prime?
True
Let q(v) = -9 + 3*v**3 + 27*v - 25*v**3 - 29 - 18*v**2 + 20*v**3. Is q(-17) prime?
True
Suppose -36*f + 76944 = -49200. Let h = 1065 + f. Is h composite?
True
Let l = 311 - -103. Suppose l*p - 416*p = -7894. Is p prime?
True
Suppose -3*s + 1 = -2*j - 3*j, s - 5*j + 3 = 0. Suppose -3*q = 3*n - 54, n + 23 = s*n + 2*q. Let y(f) = f**3 - 6*f**2 - 23*f + 5. Is y(n) a composite number?
True
Is -2*((-56167)/2)/(3 + 11 + -13) a composite number?
False
Suppose 2*q = -3*m + 538887, -2*m = -m - 5*q - 179663. Is m a prime number?
True
Suppose 12*c - 8777 = -437. Let z be 4 + -6 + c + -1. Suppose 4*g + 2381 = 5*i - z, 2*g = -4. Is i composite?
False
Suppose l + 5 = 57*p - 52*p, l - 5 = 0. Suppose 2*r + p*r - 9464 = 5*a, -r + 4*a = -2377. Is r prime?
False
Let h(j) = 30*j**2 + 10*j + 10. Let k(b) = -4*b**2 - b - 1. Let i be k(-1). Let u be h(i). Suppose 0 = 11*m - 5851 + u. Is m a composite number?
False
Suppose h = -2*h - 39. Let x(s) = 269*s**2 - 27*s - 23. Let t(u) = -135*u**2 + 13*u + 11. Let r(l) = h*t(l) - 6*x(l). Is r(-2) a composite number?
True
Let a(z)